{"id":14,"date":"2020-05-12T21:47:09","date_gmt":"2020-05-12T19:47:09","guid":{"rendered":"https:\/\/store.insparya.es\/?post_type=product&#038;p=14"},"modified":"2026-01-05T11:22:18","modified_gmt":"2026-01-05T09:22:18","slug":"champu-nutriente","status":"publish","type":"product","link":"https:\/\/store.insparya.es\/?product=champu-nutriente","title":{"rendered":"Champ\u00fa nutritivo"},"content":{"rendered":"","protected":false},"excerpt":{"rendered":"<div class=\"elementor-element elementor-element-d851c65 elementor-widget elementor-widget-heading\" data-id=\"d851c65\" data-element_type=\"widget\" data-widget_type=\"heading.default\">\n<div class=\"elementor-widget-container\">\n<div class=\"elementor-element elementor-element-15cab1d elementor-widget elementor-widget-heading\" data-id=\"15cab1d\" data-element_type=\"widget\" data-widget_type=\"heading.default\">\n<div class=\"elementor-widget-container\">\n<h2 class=\"elementor-heading-title elementor-size-default\"><span style=\"color: #bc955c\">Nutri Plus<\/span>\u00a0by Insparya<\/h2>\n<\/div>\n<\/div>\n<div class=\"elementor-element elementor-element-f43a78e elementor-widget elementor-widget-text-editor\" data-id=\"f43a78e\" data-element_type=\"widget\" data-widget_type=\"text-editor.default\">\n<div class=\"elementor-widget-container\">\n<div class=\"elementor-text-editor elementor-clearfix\">\n<p>&#8211; <strong>Uso frecuente<\/strong><br \/>\n&#8211; Formulado con <strong>avena, aloe vera y algas marinas<\/strong><br \/>\n&#8211; <strong>Nutritivo<\/strong><br \/>\n&#8211; <strong>Fortificante<\/strong><br \/>\n&#8211; <b>Hidratante<\/b><br \/>\n&#8211; <strong>Refrescante<\/strong><br \/>\n&#8211; Aporta <strong>brillo<\/strong> al cabello<br \/>\n&#8211; Protege la piel de los <strong>agentes atmosf\u00e9ricos<\/strong><\/p>\n<p style=\"text-align: justify\"><strong>Champ\u00fa nutritivo<\/strong> de uso frecuente formulado con avena, aloe vera y algas marinas. La avena fortalece, nutre y suaviza la fibra capilar, mientras que sus prote\u00ednas se adhieren naturalmente al cabello, ayud\u00e1ndole a formar barreras contra las toxinas y la deshidrataci\u00f3n. El aloe vera se encarga de regular el sebo, ayudando a su vez a equilibrar el aceite natural del cuero cabelludo, manteniendo la hidrataci\u00f3n, fortaleza y brillo del pelo gracias a la gran cantidad de agua que tiene. El extracto de algas marinas aporta vitaminas, minerales y oligoelementos como el yodo y el magnesio. Suaviza y refresca, protegiendo la piel del cuero cabelludo de los agentes atmosf\u00e9ricos.<\/p>\n<p>&nbsp;<\/p>\n<\/div>\n<\/div>\n<\/div>\n<\/div>\n<\/div>\n","protected":false},"featured_media":10785,"comment_status":"closed","ping_status":"closed","template":"","meta":{"content-type":""},"product_brand":[],"product_cat":[209],"product_tag":[200,213,184,185,186,187,190],"class_list":{"0":"post-14","1":"product","2":"type-product","3":"status-publish","4":"has-post-thumbnail","6":"product_cat-champu","7":"product_tag-champu","8":"product_tag-champu-nutritivo","9":"product_tag-fortalecedor","10":"product_tag-hidratante","11":"product_tag-proteccion","12":"product_tag-refrescante","13":"product_tag-uso-frecuente","15":"first","16":"instock","17":"taxable","18":"shipping-taxable","19":"purchasable","20":"product-type-simple"},"jetpack_sharing_enabled":true,"_links":{"self":[{"href":"https:\/\/store.insparya.es\/index.php?rest_route=\/wp\/v2\/product\/14","targetHints":{"allow":["GET"]}}],"collection":[{"href":"https:\/\/store.insparya.es\/index.php?rest_route=\/wp\/v2\/product"}],"about":[{"href":"https:\/\/store.insparya.es\/index.php?rest_route=\/wp\/v2\/types\/product"}],"replies":[{"embeddable":true,"href":"https:\/\/store.insparya.es\/index.php?rest_route=%2Fwp%2Fv2%2Fcomments&post=14"}],"wp:featuredmedia":[{"embeddable":true,"href":"https:\/\/store.insparya.es\/index.php?rest_route=\/wp\/v2\/media\/10785"}],"wp:attachment":[{"href":"https:\/\/store.insparya.es\/index.php?rest_route=%2Fwp%2Fv2%2Fmedia&parent=14"}],"wp:term":[{"taxonomy":"product_brand","embeddable":true,"href":"https:\/\/store.insparya.es\/index.php?rest_route=%2Fwp%2Fv2%2Fproduct_brand&post=14"},{"taxonomy":"product_cat","embeddable":true,"href":"https:\/\/store.insparya.es\/index.php?rest_route=%2Fwp%2Fv2%2Fproduct_cat&post=14"},{"taxonomy":"product_tag","embeddable":true,"href":"https:\/\/store.insparya.es\/index.php?rest_route=%2Fwp%2Fv2%2Fproduct_tag&post=14"}],"curies":[{"name":"wp","href":"https:\/\/api.w.org\/{rel}","templated":true}]}}