{"id":16,"date":"2020-05-12T21:50:32","date_gmt":"2020-05-12T19:50:32","guid":{"rendered":"https:\/\/store.insparya.es\/?post_type=product&#038;p=16"},"modified":"2026-01-05T11:22:28","modified_gmt":"2026-01-05T09:22:28","slug":"champu-dermocalmente","status":"publish","type":"product","link":"https:\/\/store.insparya.es\/?product=champu-dermocalmente","title":{"rendered":"Champ\u00fa dermocalmante"},"content":{"rendered":"","protected":false},"excerpt":{"rendered":"<div class=\"elementor-element elementor-element-8c860a4 elementor-widget elementor-widget-heading\" data-id=\"8c860a4\" data-element_type=\"widget\" data-widget_type=\"heading.default\">\n<div class=\"elementor-widget-container\">\n<div class=\"elementor-element elementor-element-15cab1d elementor-widget elementor-widget-heading\" data-id=\"15cab1d\" data-element_type=\"widget\" data-widget_type=\"heading.default\">\n<div class=\"elementor-widget-container\">\n<h2 class=\"elementor-heading-title elementor-size-default\"><span style=\"color: #bc955c\">Dermocalm<\/span> by Insparya<\/h2>\n<p>&#8211; <strong>Primer champ\u00fa recomendado post-cirug\u00eda<\/strong><\/p>\n<p><span style=\"font-size: 1rem\">&#8211; Formulado con <\/span><strong style=\"font-size: 1rem\">aceite de ar\u00e1ndano, algas marinas y bisabolol.<\/strong><\/p>\n<\/div>\n<\/div>\n<div class=\"elementor-element elementor-element-f43a78e elementor-widget elementor-widget-text-editor\" data-id=\"f43a78e\" data-element_type=\"widget\" data-widget_type=\"text-editor.default\">\n<div class=\"elementor-widget-container\">\n<div class=\"elementor-text-editor elementor-clearfix\">\n<p>&#8211; <strong>Antinflamatorio<\/strong><br \/>\n&#8211; <strong>Reestructurante<\/strong><br \/>\n&#8211; <b>Descongestionante<\/b><br \/>\n&#8211; <strong>Calmante<\/strong><\/p>\n<p style=\"text-align: justify\"><strong>Champ\u00fa dermocalmante<\/strong>. Con propiedades antinflamatorias y de reestructuraci\u00f3n gracias al aceite de ar\u00e1ndano, algas marinas y bisabolol, componente esencial del aceite esencial de manzanilla. El aceite de ar\u00e1ndano es conocido por sus propiedades antioxidantes que reequilibran la estructura molecular del cabello, eliminando las toxinas nocivas y protegi\u00e9ndolo de los signos del envejecimiento prematuro. El bisabolol, gracias a sus propiedades antinflamatorias, tiene una importante acci\u00f3n descongestionante y calmante del cuero cabelludo.<\/p>\n<\/div>\n<\/div>\n<\/div>\n<\/div>\n<\/div>\n","protected":false},"featured_media":10783,"comment_status":"closed","ping_status":"closed","template":"","meta":{"content-type":""},"product_brand":[],"product_cat":[209],"product_tag":[211,183,200,212,182,188],"class_list":{"0":"post-16","1":"product","2":"type-product","3":"status-publish","4":"has-post-thumbnail","6":"product_cat-champu","7":"product_tag-antinflamatorio","8":"product_tag-calmante","9":"product_tag-champu","10":"product_tag-champu-dermocalmante","11":"product_tag-descongestion","12":"product_tag-reestructurante","14":"first","15":"instock","16":"taxable","17":"shipping-taxable","18":"purchasable","19":"product-type-simple"},"jetpack_sharing_enabled":true,"_links":{"self":[{"href":"https:\/\/store.insparya.es\/index.php?rest_route=\/wp\/v2\/product\/16","targetHints":{"allow":["GET"]}}],"collection":[{"href":"https:\/\/store.insparya.es\/index.php?rest_route=\/wp\/v2\/product"}],"about":[{"href":"https:\/\/store.insparya.es\/index.php?rest_route=\/wp\/v2\/types\/product"}],"replies":[{"embeddable":true,"href":"https:\/\/store.insparya.es\/index.php?rest_route=%2Fwp%2Fv2%2Fcomments&post=16"}],"wp:featuredmedia":[{"embeddable":true,"href":"https:\/\/store.insparya.es\/index.php?rest_route=\/wp\/v2\/media\/10783"}],"wp:attachment":[{"href":"https:\/\/store.insparya.es\/index.php?rest_route=%2Fwp%2Fv2%2Fmedia&parent=16"}],"wp:term":[{"taxonomy":"product_brand","embeddable":true,"href":"https:\/\/store.insparya.es\/index.php?rest_route=%2Fwp%2Fv2%2Fproduct_brand&post=16"},{"taxonomy":"product_cat","embeddable":true,"href":"https:\/\/store.insparya.es\/index.php?rest_route=%2Fwp%2Fv2%2Fproduct_cat&post=16"},{"taxonomy":"product_tag","embeddable":true,"href":"https:\/\/store.insparya.es\/index.php?rest_route=%2Fwp%2Fv2%2Fproduct_tag&post=16"}],"curies":[{"name":"wp","href":"https:\/\/api.w.org\/{rel}","templated":true}]}}